6. Let z(k) = -5*l(k) + 6*s(k). List the prime factors of z(t).
2
Let f = -40 - -203. What are the prime factors of f?
163
Suppose 3*a = 2*a - 5*k, -2*k + 115 = 5*a. Let g = a - 40. What are the prime factors of (-215)/g + 2/3?
3, 5
Let t = 7 - 5. Suppose -t = -0*l - l. Suppose l*b - 13 = 7. List the prime factors of b.
2, 5
Let x(m) = m**3 + m**2 - 3*m**2 + 3 - 5*m + m**2. What are the prime factors of x(3)?
2, 3
Suppose 4*h - 7 = 3*o, -4*h + 19 = 3. List the prime factors of 31/o - (-4)/(-12).
2, 5
Suppose 6*b - 10*b = -32. Suppose 0 = -l - 2 + b. What are the prime factors of l?
2, 3
Let z = 2 + 2. Let b be z/6*6/(-4). List the prime factors of 1/(1/((-2)/b)).
2
Let b(l) = -l**2 + 10*l + 6. List the prime factors of b(9).
3, 5
Let m be 633/(-33) + (-2)/(-11). Let n = -12 - m. Suppose f + 3*b = 13, -4*f + n = -5*b + 2*b. List the prime factors of f.
2
Let p = 8 - 7. Let n be (-3 + (11 - 2))/p. Suppose -2*w + 24 + n = 0. What are the prime factors of w?
3, 5
Let q(w) = 3*w**2 - 4*w - 1. Let t be q(2). Let g(x) = 44*x + 1. Let i be g(1). Suppose v = -u + 16, 0*u + t*u + 2*v = i. List the prime factors of u.
13
Suppose -5*w = j - 54, -w - 26 = -4*w + j. Suppose 0 = 12*u - w*u - 60. List the prime factors of u.
2, 3, 5
List the prime factors of -26*1*(-5)/10.
13
List the prime factors of (4 - 1)*(-5 - 0)*-3.
3, 5
Let b be 3/((-12)/50)*-2. Let y(g) = -g - 6. Let t be y(0). Let q = t + b. List the prime factors of q.
19
Let m = 11 - 4. What are the prime factors of m?
7
Suppose -3*h = -1 - 113. List the prime factors of h.
2, 19
Let u(s) = s**3 - s**2 - 3*s - 1. Let q be 5/25 - (-28)/10. List the prime factors of u(q).
2
Suppose 295 = -5*b + 875. What are the prime factors of b?
2, 29
Let m be (4/(-8))/(2/360). What are the prime factors of (-2)/7 - m/21?
2
Suppose -3*u - b + 84 = 0, 5*u - 140 = -5*b - 0*b. What are the prime factors of u?
2, 7
List the prime factors of (232/32)/(0 + (-1)/(-4)).
29
Suppose 7*v - 456 = 3*v. List the prime factors of v.
2, 3, 19
Suppose 4*o - 8 = 0, -3*w + 5*o = -47 - 3. What are the prime factors of w?
2, 5
Suppose -4*m - m = 0. Let s(r) be the second derivative of -r**3/6 + 17*r**2/2 - 2*r. What are the prime factors of s(m)?
17
Let b = 3 - -1. List the prime factors of b.
2
Suppose 4*f - 2*f - 6 = 0. Suppose 5*l = 3*w + 160, -l + 2*w + 128 = f*l. Suppose 5*o + 7 = l. What are the prime factors of o?
5
Suppose -t + 2*t - 5*m = 23, 0 = -4*m - 12. Let j = 3 + t. List the prime factors of j.
11
Let f = 89 + -35. List the prime factors of f.
2, 3
Let c be -2 + -1*6 + 2. Let x = -6 - c. Suppose x*n - 5*n = -80. What are the prime factors of n?
2
What are the prime factors of (-984)/(-88) + ((-6)/33)/1?
11
What are the prime factors of -2 + (1 - 1 - -25)?
23
List the prime factors of 3 + (-4 - 0) + 176.
5, 7
Let p(j) = 2*j - 7. Let v(t) = -5*t + 20. Let x(n) = 7*p(n) + 2*v(n). List the prime factors of x(6).
3, 5
Let f(t) = 4*t**2 - 10*t - 8. What are the prime factors of f(5)?
2, 3, 7
Let s(v) = 3*v**2 + 2*v. What are the prime factors of s(-4)?
2, 5
Let r(p) = -p**3 - p**2 - 3*p + 1. Let d be r(-3). Let v = d - 10. List the prime factors of v.
2, 3
Let w = -4 - -6. Suppose 5*t - 17 = -4*z, w*t = -3*z - 2 + 6. What are the prime factors of t?
5
Let t = 11 + -15. Let u(w) = -5*w - 2 - 4 + 3*w. What are the prime factors of u(t)?
2
Let k = -18 + 13. Let a(c) be the second derivative of c**5/20 + c**4/3 - 5*c**3/6 + c**2 - 5*c. List the prime factors of a(k).
2
Suppose 8 = w - 0. List the prime factors of w.
2
Suppose -40 = -4*z + 140. List the prime factors of z.
3, 5
Suppose 15 - 3 = 2*u. Suppose 2*v + u*g - 34 = g, -3*g + 19 = v. What are the prime factors of v?
7
Suppose 0 = -2*p - 4 - 0. Let b be 0/p - (-10 - 5). What are the prime factors of 144/b + (-4)/(-10)?
2, 5
What are the prime factors of 20/(-8)*1992/(-30)?
2, 83
Let g(w) = -w**3 - 10*w**2 - 12*w - 1. Let j(a) = -a**2 - a. Let d(s) = g(s) - 2*j(s). What are the prime factors of d(-7)?
2, 5
Suppose -q - 2*f + 4 = 0, q + 4*f - 7 + 1 = 0. List the prime factors of ((-1 - 1) + 30)/q.
2, 7
Suppose x = -4*z + 179, -3*x = -z - 2 + 37. List the prime factors of z.
2, 11
Suppose 2*v + 3*v - 225 = 0. List the prime factors of v.
3, 5
Suppose 1 = -2*s + 3. Suppose 3*z = 7 - s. What are the prime factors of ((-1)/z)/(2/(-20))?
5
Let i(y) be the second derivative of -y**4/12 - y**3/6 + 3*y**2/2 + 4*y. List the prime factors of i(0).
3
List the prime factors of (-6*344/12)/(-2).
2, 43
Let r = -55 + 82. Suppose r = g - 24. List the prime factors of g.
3, 17
Suppose 0 = 4*p - 225 - 15. What are the prime factors of p?
2, 3, 5
Let k(a) = -8*a + 24. List the prime factors of k(-6).
2, 3
Let x(k) = 14 + 0*k + 4 + k - 2. List the prime factors of x(-9).
7
Suppose z = -3*a + 166, -178 = -4*a + a + 5*z. List the prime factors of a.
2, 7
Suppose 2*j - 9 - 87 = 0. List the prime factors of j.
2, 3
Let k(b) be the first derivative of b**4/12 + 11*b**3/6 + 15*b**2/2 + b - 3. Let c(t) be the first derivative of k(t). List the prime factors of c(-11).
3, 5
Let q = -5 + -2. Let h = -10 - q. List the prime factors of 66/4 + h/(-6).
17
What are the prime factors of 6/15 + 1377*(-8)/(-60)?
2, 23
Let y = 3 + -3. Suppose y*g + 32 = 2*g. What are the prime factors of g?
2
Suppose -13*q = -17*q + 452. What are the prime factors of q?
113
Suppose -4*f = -3*q + 79, -6*q - 52 = 3*f - q. Let c = -7 - f. What are the prime factors of c?
2, 3
Let i = -15 + 25. Suppose i = l + 2. List the prime factors of l.
2
Suppose 5*h - 3*c = -6, c - 2 = -h + 3*h. Let r be 6/(-3) + -38 + h. List the prime factors of 2/6 + r/(-6).
7
Let k = 8 - 8. Suppose 5*y - y - 44 = k. List the prime factors of y.
11
Let s(d) = -d - 1. Let l be s(10). Let g = -21 - l. List the prime factors of (-48)/g*10/3.
2
Suppose 3*g + 4*u - 6 = -0*g, g = -2*u + 2. Suppose 0 = g*x + 2 - 0. List the prime factors of 22/(4 - (x + 3)).
11
Suppose 0 = 5*h + c - 81, h + 0*h + 3*c - 19 = 0. List the prime factors of h.
2
Let q be 2 + 0 + (-3 - -2). Let w(c) = 4*c**3 - 2*c + 1. List the prime factors of w(q).
3
Let d(c) = -c**2. Let q be d(0). Suppose q = -b - b + 102. Suppose 24 = 5*j - b. List the prime factors of j.
3, 5
Suppose -4*c = 5*b - 282 - 18, -244 = -3*c + b. List the prime factors of c.
2, 5
Let x(b) = b**3 - 10*b**2. Let j be x(10). Suppose j = -5*n + c - 15 + 106, 73 = 4*n - c. What are the prime factors of n?
2, 3
List the prime factors of ((-148)/(-12))/(4/(-6) - -1).
37
Suppose -5*c + 253 = -232. List the prime factors of c.
97
Suppose -2*c - 5*x + 3*x - 8 = 0, -26 = 3*c - 4*x. Let j(n) = -n**2 - 8*n - 7. List the prime factors of j(c).
5
Let o(u) = 101*u**2 + 2*u - 3. List the prime factors of o(1).
2, 5
Let w(p) = p**2 + 7*p + 6. List the prime factors of w(-8).
2, 7
Let w(r) = -r**3 - 10*r**2 - r + 8. Let v be w(-10). Suppose v = 4*d - 3*d. List the prime factors of d.
2, 3
Let d(o) = 9*o**3 - 11*o**2 + 5. Let x(n) = -5*n**3 + 6*n**2 - 3. Let l(c) = 4*d(c) + 7*x(c). What are the prime factors of l(3)?
2
Suppose -5*b + 3*w + 31 = 0, 2*w - 4*w = 5*b - 46. Suppose 2*p + 24 = b. Let c = p + 19. What are the prime factors of c?
11
Let t(d) = 9*d**2 + 9*d - 19. List the prime factors of t(5).
251
List the prime factors of 32 + (2 - 3)/3*0.
2
Suppose -5*d - 59 = -3*n, 3*d - 117 = -5*n + 2*d. What are the prime factors of n?
23
Let p = 101 + -147. Let b = p + 76. Suppose -6*l + l + b = 0. List the prime factors of l.
2, 3
Let h = 87 + -45. What are the prime factors of 12/66 + h/11?
2
Suppose 2*n + 12 = 6*n. Suppose 0 = v - 2*v - n. What are the prime factors of 6 - (-1)/v*0?
2, 3
Let z(o) = 5*o - 25. What are the prime factors of z(11)?
2, 3, 5
Suppose 0 = 3*x - 6*x - 18. List the prime factors of x/(-33) - (-295)/11.
3
Suppose -z + 15 = 4*z. Suppose -3*l - z*h = -0*l - 123, -3*l = 5*h - 133. Suppose -2*g + l = g. What are the prime factors of g?
2, 3
Suppose 0 = 5*a - 0*a - 75. Let r(b) = b**3 + 3*b**2 + 2*b - 4. Let l be r(-3). Let s = a + l. List the prime factors of s.
5
Suppose 12*x = 17*x - 35. List the prime factors of x.
7
Let y(f) = -f - 4. Let s be y(-4). Suppose s*z + 124 = 4*z. What are the prime factors of z?
31
Let a = -130 + 191. What are the prime factors of a?
61
Let t(f) = -15*f + 39. Let h(o) = 7*o - 20. Let 